f**2 + f - 3. Let i be w(-4). Let s be 48*(i/3 + 3). Suppose -v + s + 2 = -l, 0 = v + l - 38. What is the units digit of v?
6
Let l(q) = -6*q - 14*q - 3 + 33*q - 6*q. Suppose 0 = -3*i + 2*n + 18, -i - i - 4*n = 4. What is the tens digit of l(i)?
2
Let r be ((-27)/36)/((2*-1)/8). Suppose 0 = -3*b - 4*z + 26, -r*b + 16 = z - 13. What is the tens digit of b?
1
Suppose 0*v - 27 = -5*v - 3*p, 5*p - 13 = -3*v. Let c(r) = 0*r - 3*r - 1 + 5*r + 17. What is the units digit of c(v)?
8
Let g(f) = 166*f**2 + 15*f - 39. What is the tens digit of g(3)?
0
Let p(n) = 25*n**2 - 13*n - 4. What is the units digit of p(6)?
8
Suppose 26*l - 33*l + 2086 = 0. What is the units digit of l?
8
Suppose 4*c - 3*p = -7*p + 868, -4*c - 5*p + 869 = 0. What is the units digit of c?
6
Suppose 3*w - 14429 = 5*x, 132*w - 129*w - 3*x - 14433 = 0. What is the thousands digit of w?
4
Let i(a) = -20*a + 61. What is the units digit of i(-10)?
1
Let w = -11 + 14. Suppose -152 = -5*k - 3*j, w*j - 2*j = -1. What is the tens digit of k?
3
Suppose 22 = 4*p - 2642. What is the hundreds digit of p?
6
Suppose -6*t = -4*f - 2*t - 44, -3*f - 4*t - 5 = 0. What is the units digit of 19 - (0 + -1 + 7/f)?
1
Suppose 3*x = -3*g + 4*g - 1074, -4*g = 3*x - 4281. What is the hundreds digit of g?
0
Let u(n) be the first derivative of n**2/2 + 48*n - 16. What is the units digit of u(-9)?
9
Suppose 0 = -2*q - q + 3*g + 279, -3*g = 4*q - 386. Suppose 4*r - 57 = q. What is the units digit of r?
8
Suppose 2*m - 22 - 3 = -5*r, -5*m = -4*r + 20. Suppose m = -3*w + 2 + 1. Suppose j - 3*a = 46, j + 4*a - 12 + w = 0. What is the units digit of j?
1
Let c(o) = o**2 - 7*o - 3. Let q be c(8). Let w(n) = -4*n - 15. Let d(i) = -2*i - 8. Let u(z) = q*d(z) - 3*w(z). What is the units digit of u(8)?
1
Suppose 0 = -3*s + 1 + 8. Suppose 3*q = 2*x - 2*q - 85, -s*x = q - 136. What is the units digit of x?
5
Let h(v) = 22*v + 8. What is the units digit of h(2)?
2
Let o be (5/(-15))/((-2)/24). Suppose -f - 243 = 4*r, -5 - o = 3*f. Let v = -34 - r. What is the units digit of v?
6
Let g = -163 + 8. Let x = 255 + g. What is the hundreds digit of x?
1
Let k(t) be the third derivative of -t**4 + 4*t**3/3 + 12*t**2. What is the units digit of k(-2)?
6
Suppose 2*r + 5 - 3 = 0. Let i be 1*(-4 + -13)*r. Suppose i + 8 = z. What is the units digit of z?
5
Let b(h) = 45*h + 25. What is the hundreds digit of b(21)?
9
Let o = 14 + -14. Suppose -i - i + 42 = o. What is the units digit of i?
1
Suppose 0 = -10*g + 50*g - 28080. What is the tens digit of g?
0
Let d be 4/2 - (1 - 3). Let x = d - -1. Suppose x*f - 2*n + 4*n = 37, 49 = 5*f - n. What is the units digit of f?
9
Suppose -6*v - 25*v = -3286. What is the units digit of v?
6
Let g = -19 + 22. Suppose -134 = -5*p + g*z, -5*z + 8 = p - 2. What is the units digit of p?
5
Suppose 3*h = -h + 484. Suppose -a + 119 = 4*a - b, -h = -5*a - b. What is the tens digit of a?
2
Let w = 810 + -762. Let z(i) = i**3 + 5*i**2 - 6*i - 9. Let l be z(-6). Let d = w - l. What is the units digit of d?
7
Suppose 5*j - 2 - 1 = 4*p, -5*j + 24 = 3*p. Let m(s) = s**3 + 2*s - 1. Let w be m(j). Let u = w - 9. What is the tens digit of u?
2
Let x be (0 - 2) + (-163 - -6). Let s = 111 + x. Let w = s - -73. What is the units digit of w?
5
Let i(l) = 5*l**2 - 1. Let p be i(1). Let s be (3 + (-1)/1)*1 - -1. What is the units digit of (p + -3)/(s/33)?
1
Suppose -5*r - 12 = -2. Let z(w) = 2*w + 26. Let p be z(-12). What is the units digit of 30 - (p + (-1 - r))?
7
Let b(v) = 71*v**2. Let d be b(1). Let a = d - 39. Let g = 51 - a. What is the units digit of g?
9
Let a(b) = 15*b - 62. Let r(o) = 7*o - 31. Let v(i) = 3*a(i) - 5*r(i). What is the tens digit of v(9)?
5
Suppose -578 = -2*w - 2*u, -2*u = 5*w + u - 1447. Suppose 7*c - 544 = 3*c + 4*f, -2*c - 4*f + w = 0. What is the units digit of c?
9
Let u be 4/14 - 23/7. Let h be (0 + -2 + u)*-1. Suppose 5 + 15 = h*d. What is the units digit of d?
4
Let y = 414 + -193. What is the tens digit of y?
2
Let j(r) = -r**3 - r**2. Let z be j(0). Suppose h - 3*h = z. Suppose h = 4*y - 17 - 15. What is the units digit of y?
8
Suppose -2*s = 2*d + 8, 0 = 3*d + 6*s - 2*s + 16. Let t be 3 + d - 10*3. What is the units digit of 8/6 + 9/t?
1
Let v(f) be the third derivative of -f**4/6 - 7*f**3 - 42*f**2. What is the tens digit of v(-19)?
3
Suppose 3*w + 30 = -4*r + 127, -5*r + 67 = 2*w. Let x = -13 - w. Let a = -21 - x. What is the tens digit of a?
2
Let f be 4/(2/(-132)*-1). Suppose 19*d = 23*d - f. What is the units digit of d?
6
Let u(j) = 450*j**2 - j. What is the hundreds digit of u(-1)?
4
Let x(m) = -14*m - 24. Let y(v) = -5*v - 8. Let u(l) = -6*x(l) + 17*y(l). Let a(o) = o**3 - 6*o**2 - 9*o + 7. Let g be a(7). What is the units digit of u(g)?
5
Let u(w) = -329*w + 54. What is the hundreds digit of u(-2)?
7
Suppose v = -19 + 21. Suppose 2 = 4*l - v*b, l - 8 = -0*l - b. Suppose 4*q = -0*p - 2*p + 30, -l*p = -2*q - 61. What is the tens digit of p?
1
Let r = 3354 - 1894. What is the tens digit of r?
6
Suppose -3*h - h - d = -1227, -4*h + 2*d + 1230 = 0. What is the hundreds digit of h?
3
Let y(p) = -8*p + 108. What is the hundreds digit of y(-7)?
1
Let b(f) = -4261*f**3 + 21*f + 21. What is the tens digit of b(-1)?
6
Let h = -872 + 548. Let d = h - -171. Let p = -80 - d. What is the units digit of p?
3
Let w(i) = -7 - 15 + 32 - 4*i. What is the units digit of w(-17)?
8
What is the units digit of ((-2)/(-8))/((-8)/640*-10)?
2
Let g be (-46)/(-5)*(-65)/(-13). Let y be 657/(-21) + (-6)/(-21). Let z = g + y. What is the tens digit of z?
1
Suppose -4*h = 3*d - 9420, 0 = -2*h + 15*d - 19*d + 4700. What is the hundreds digit of h?
3
Suppose -q + 4*l + 16 = 0, 5*q + 5*l + 35 = 2*l. Suppose -4*x + 6*x = -34. Let g = q - x. What is the units digit of g?
3
Let p be (14*1)/(0 - -1). Suppose -3*b = 4*s - 40, -2*s = 3*b - 2*b - p. What is the tens digit of (16/b)/((-1)/(-18))?
2
Let l(r) = r - 28. Let h be l(12). Let x(o) = 2*o**2 + 15*o - 70. What is the tens digit of x(h)?
0
Suppose 5*o = 2*t - 9294, 0 = 5*t - 5*o - 4742 - 18523. What is the units digit of t?
7
Suppose -o - o + 2426 = -3*f, 0 = -o + 4*f + 1208. What is the thousands digit of o?
1
Suppose 0 = 4*d + 3*o - 8605, 2*d + 2*d + 2*o = 8610. What is the units digit of d?
5
Let w(s) = -s**3 - 8*s**2 + 3*s + 11. Let r be w(-8). Let f = 9 + r. Let y = 4 - f. What is the units digit of y?
8
Let c be (2 + 0)*(1 - -1). Suppose -k = -1 - c. What is the units digit of 2/4*-2 + k?
4
Let m(i) = 16*i**2 - 15*i - 23. What is the tens digit of m(-5)?
5
Suppose -1872 = -4*d + 752. Suppose -11*x + 3*x = -d. What is the units digit of x?
2
Let m(x) = x - 11. Suppose -2*q + 39 = 3*a, -33 = -a + 4*q - 6. Let r be m(a). Suppose r*y - 116 - 4 = 0. What is the units digit of y?
0
Let y be (-2)/(-3) - (-102)/9. Let n = y - 15. What is the tens digit of (-1)/n + (-822)/(-18)?
4
Suppose 0*j - 2*b = -3*j + 4, 4*b = 16. Suppose 5*w - j*x - 95 = -8*x, -3*w - 2*x = -59. Let u = w - 20. What is the units digit of u?
3
Suppose -4*t - 7*l = -5*l - 38, 5*l = -5. Let v(f) = -f**3 + 10*f**2 + 12*f - 8. What is the units digit of v(t)?
2
Suppose w + 3*w + 12 = 0. Let s be 9/(-6)*8/w. Suppose x - 110 = -s*x. What is the tens digit of x?
2
Suppose -88*o = -87*o - 2767. What is the tens digit of o?
6
Let j(x) = -13*x + 2. Let f be j(-1). Suppose f*n - 74 = 14*n. What is the units digit of n?
4
Suppose 2*m + f - 3271 = 0, -4902 = -2*m - m - 3*f. What is the hundreds digit of m?
6
Let g = 5807 + -1697. What is the hundreds digit of g?
1
Suppose -98*s = -83*s - 9510. What is the units digit of s?
4
Let l be -3 + (6 - 2) + -19. Let r be 18/8*(-192)/l. Suppose -5*s + 144 = h, r = s - h - 0*h. What is the units digit of s?
8
Let n(i) = -2*i**2 + 115*i - 93. What is the tens digit of n(55)?
8
Let b(g) = -g**2 - 2*g + 15. Let r(t) = -t - 2. Let f(m) = -b(m) - 3*r(m). What is the hundreds digit of f(9)?
1
Suppose -914 = -2*g - p, -5*g + 1529 = 5*p - 761. What is the tens digit of g?
5
Let g(c) = -31*c - 3. What is the tens digit of g(-43)?
3
Let g be (3 - (2 - -5)) + 16. What is the units digit of (-105)/14*g/(-10)?
9
Let d(g) = -g**3 - 3*g**2 + 2*g + 30. What is the tens digit of d(-4)?
3
Let k(r) = -r**2 + 3*r + 9. Let g be k(4). Suppose g*s - 12*s = 0. Suppose s*b - 66 = -3*b + 3